2 a multiple of 64?
False
Is 6603519 a multiple of 11?
False
Does 41 divide 10460?
False
Does 64 divide 224947?
False
Does 523 divide 12926991?
True
Is 13 a factor of 170859?
True
Is 1076 a factor of 1377635?
False
Is 12 a factor of 1233396?
True
Is 22 a factor of 385911?
False
Is 17134 a multiple of 26?
True
Is 22 a factor of 95084?
True
Does 71 divide 2147674?
False
Does 8 divide 5116?
False
Does 6 divide 23590?
False
Is 27 a factor of 1460592?
True
Is 946252 a multiple of 583?
False
Does 30 divide 24360?
True
Is 4003104 a multiple of 84?
True
Is 364 a factor of 12052933?
False
Is 10 a factor of 384020?
True
Is 150692 a multiple of 20?
False
Does 87 divide 324897?
False
Is 3367039 a multiple of 11?
False
Is 177241 a multiple of 16?
False
Is 10 a factor of 60520?
True
Is 393826 a multiple of 114?
False
Does 16 divide 1309040?
True
Is 22 a factor of 113432?
True
Does 5 divide 1465840?
True
Is 689425 a multiple of 19?
False
Is 1370224 a multiple of 13?
False
Is 125 a factor of 112000?
True
Is 300 a factor of 2806200?
True
Does 200 divide 859800?
True
Is 48 a factor of 63894?
False
Is 195000 a multiple of 150?
True
Is 405 a factor of 29970?
True
Is 253 a factor of 1822865?
True
Does 5 divide 25205?
True
Is 587574 a multiple of 54?
True
Is 150790 a multiple of 85?
True
Does 17 divide 35802?
True
Is 86401 a multiple of 202?
False
Is 92830 a multiple of 45?
False
Does 107 divide 16481745?
True
Is 234423 a multiple of 61?
True
Is 50 a factor of 82000?
True
Is 2201865 a multiple of 665?
False
Does 236 divide 958055?
False
Is 7 a factor of 208746?
False
Does 137 divide 2505456?
True
Does 87 divide 3287694?
False
Is 212477 a multiple of 53?
True
Does 129 divide 8484201?
True
Is 1489679 a multiple of 251?
False
Is 11309764 a multiple of 178?
True
Is 270307 a multiple of 122?
False
Is 43687 a multiple of 7?
True
Is 1282500 a multiple of 684?
True
Does 86 divide 2086217?
False
Is 388635 a multiple of 403?
False
Is 975979 a multiple of 210?
False
Does 311 divide 432545?
False
Is 3611976 a multiple of 356?
True
Does 348 divide 171912?
True
Is 1470 a factor of 6309240?
True
Does 817 divide 410951?
True
Is 5183358 a multiple of 325?
False
Does 161 divide 3780280?
True
Does 78 divide 28664744?
False
Is 81900 a multiple of 210?
True
Is 1475604 a multiple of 19?
False
Is 41 a factor of 319463?
False
Is 87866 a multiple of 101?
False
Does 32 divide 280992?
True
Is 35 a factor of 2440?
False
Does 25 divide 6505591?
False
Is 2125636 a multiple of 454?
False
Is 317 a factor of 342994?
True
Is 13081320 a multiple of 1432?
True
Does 20 divide 2146933?
False
Is 152 a factor of 2356220?
False
Is 1336 a factor of 4249822?
False
Does 129 divide 3916569?
True
Is 491 a factor of 163915?
False
Is 264 a factor of 104266?
False
Is 74 a factor of 1120358?
False
Is 1510 a multiple of 109?
False
Is 24 a factor of 41204?
False
Is 22 a factor of 1650?
True
Is 531 a factor of 5717277?
True
Is 118 a factor of 2328457?
False
Does 380 divide 67640?
True
Is 32499 a multiple of 3?
True
Is 2275532 a multiple of 362?
True
Does 19 divide 33314?
False
Is 110 a factor of 647680?
True
Does 71 divide 557421?
True
Is 196 a factor of 246046?
False
Is 261 a factor of 179307?
True
Is 1558 a factor of 22468172?
False
Is 1540 even?
True
Does 82 divide 131938?
True
Is 936 a factor of 3305016?
True
Is 228821 a multiple of 11?
False
Is 538 a factor of 387898?
True
Does 258 divide 539435?
False
Is 28 a factor of 3056396?
True
Is 517120 a multiple of 20?
True
Does 31 divide 668690?
False
Is 428 a factor of 1499284?
True
Is 145318 a multiple of 13?
False
Is 436 a factor of 171348?
True
Does 645 divide 21922773?
False
Is 19 a factor of 817491?
False
Is 4897511 a multiple of 102?
False
Does 14 divide 1431157?
False
Does 17 divide 8107807?
False
Does 8 divide 349272?
True
Does 49 divide 5520664?
False
Is 309 a factor of 382219?
False
Is 2668501 a multiple of 16?
False
Does 489 divide 702267?
False
Does 1723 divide 3838844?
True
Does 161 divide 1499071?
True
Is 316 a factor of 1475720?
True
Is 269548 a multiple of 158?
True
Is 2007664 a multiple of 21?
False
Is 1539696 a multiple of 39?
False
Is 41786 a multiple of 19?
False
Is 13739416 a multiple of 46?
False
Is 35 a factor of 5688865?
True
Is 63 a factor of 3571755?
False
Is 11781 a multiple of 166?
False
Is 850946 a multiple of 2?
True
Is 57845 a multiple of 5?
True
Is 23694 a multiple of 125?
False
Is 2394622 a multiple of 9?
False
Is 18083670 a multiple of 532?
False
Is 113 a factor of 14279791?
False
Is 2766780 a multiple of 285?
True
Is 55 a factor of 1347413?
False
Is 9 a factor of 461938?
False
Is 222 a factor of 626484?
True
Does 186 divide 124806?
True
Does 24 divide 5304432?
True
Is 4 a factor of 13597?
False
Does 327 divide 916?
False
Is 1191806 a multiple of 154?
True
Is 20 a factor of 36838?
False
Is 7778 a multiple of 2?
True
Is 940448 a multiple of 16?
True
Is 42 a factor of 4233138?
True
Does 368 divide 72923?
False
Is 362367 a multiple of 78?
False
Is 21 a factor of 40528?
False
Is 64 a factor of 11327808?
True
Is 62 a factor of 1882710?
False
Is 301650 a multiple of 5?
True
Does 14 divide 2372786?
False
Does 330 divide 1477080?
True
Does 26 divide 3051256?
True
Is 24612 a multiple of 12?
True
Is 499 a factor of 555886?
True
Is 525 a factor of 204225?
True
Does 11 divide 141768?
True
Is 22483345 a multiple of 76?
False
Is 168 a factor of 60648?
True
Is 1809959 a multiple of 8?
False
Does 95 divide 2403785?
True
Does 491 divide 3690014?
False
Does 14 divide 1653582?
True
Is 2875225 a multiple of 47?
True
Is 7637916 a multiple of 13?
True
Does 85 divide 14587785?
True
Does 5 divide 331114?
False
Is 162058 a multiple of 23?
True
Is 141805 a multiple of 150?
False
Is 20134 a multiple of 36?
False
Does 97 divide 642625?
True
Is 51 a factor of 120309?
True
Is 73297 a multiple of 14?
False
Does 26 divide 1585610?
True
Is 17 a factor of 119527?
True
Is 32 a factor of 268979?
False
Is 4490 a multiple of 5?
True
Is 142 a factor of 986190?
True
Does 39 divide 28743?
True
Does 34 divide 1978834?
True
Is 33465 a multiple of 5?
True
Is 994 a factor of 1865466?
False
Does 78 divide 88842?
True
Is 1900475 a multiple of 25?
True
Does 64 divide 180480?
True
Does 875 divide 2749661?
False
Is 290 a factor of 960480?
True
Does 828 divide 167001?
False
Does 85 divide 276845?
True
Is 923801 a multiple of 57?
False
Does 29 divide 7537300?
False
Is 37 a factor of 747821?
False
Is 92970 a multiple of 127?
False
Is 413 a factor of 3909045?
True
Is 11 a factor of 196506?
False
Does 82 divide 785533?
False
Is 7 a factor of 116165?
True
Is 14 a factor of 220864?
True
Is 5213535 a multiple of 215?
True
Is 16058 a multiple of 62?
True
Is 113 a factor of 48590?
True
Is 13 a factor of 1191037?
False
Is 7 a factor of 256347?
True
Is 16 a factor of 28912?
True
Is 1961499 a multiple of 6?
False
Is 8179758 a multiple of 18?
True
Is 1037196 a multiple of 47?
True
Is 3 a factor of 115690?
False
Is 4 a factor of 11073?
False
Is 34656 a multiple of 4?
True
Is 73143 a multiple of 21?
True
Is 100007 a multiple of 38?
False
Is 67 a factor of 123950?
True
Is 117 a factor of 16708?
False
Is 449 a multiple of 3?
False
Does 32 divide 248604?
False
Is 18219 a multiple of 19?
False
Is 61488 a multiple of 6?
True
Is 22 a factor of 1225865?
False
Is 33820 even?
True
Does 125 divide 22499?
False
Does 25 divide 20425?
True
Does 5 divide 1870410?
True
Is 24 a factor of 250621?
False
Is 268 a factor of 1274484?
False
Is 152 a factor of 14090700?
False
Is 48 a factor of 241632?
True
Is 455 a factor of 2844660?
True
Does 7 divide 261058?
True
Is 49520 a multiple of 209?
False
Is 413919 a multiple of 99?
True
Does 4 divide 55552?
True
Does 114 divide 8571318?
True
Is 156333 a multiple of 55?
False
Is 183540 a multiple of 276?
True
Is 35 a factor of 118615?
True
Is 1125982 a multiple of 341?
True
Is 73305 a multiple of 5?
True
Is 504687 a multiple of 63?
False
Does 23 divide 69476?
False
Is 3 a factor of 19521?
True
Does 38 divide 84246?
True
Is 7 a factor of 407827?
True
Does 148 divide 7521?
False
Is 10 a factor of 1835849?
False
Is 431420 a multiple of 44?
True
Is 432 a factor of 388368?
True
Is 436785 a multiple of 140?
False
Is 55050 a multiple of 162?
False
Is 1884800 a multiple of 31?
True